 What is the remainder when r is divided by 4?
1
Suppose 0 = w - 16 - 23. Let m(h) = -7*h - 1. Suppose -f + 3 = -2*f. What is the remainder when w is divided by m(f)?
19
Suppose -q = 4*q, w - 49 = -3*q. Let h(y) = 3*y - 1. What is the remainder when w is divided by h(6)?
15
Suppose y = -0*v - 2*v + 15, 4*y - 85 = -3*v. Calculate the remainder when y is divided by 14.
11
Let m = 4 + -8. What is the remainder when -2 + 2 + 1*30 is divided by (-7 + -1)/(m/8)?
14
Let c = 314 + -185. Suppose q - 2*v = -4*q + c, 0 = 3*q + 4*v - 93. Calculate the remainder when q is divided by 14.
13
Let z be -12*(-1)/(5 - 2). Suppose -z*q = -3*q. Let l = q + 2. What is the remainder when l is divided by 2?
0
Suppose -p - u - 1 = 0, -2*u - 6 = -p + 2*p. Suppose p*q - 137 - 27 = 0. What is the remainder when q is divided by 11?
8
Suppose 42 = 2*n - 4*r, 8 = 3*n + 3*r - 55. What is the remainder when n is divided by 4?
1
Let d(k) = -4 - 3 + k**2 + 2*k + 2 + 1. Calculate the remainder when 19 is divided by d(3).
8
Suppose -5*n + 28 = 2*w - 169, -w = -5*n - 61. Let a = 51 + -29. What is the remainder when w is divided by a?
20
Suppose -s - 52 - 258 = 0. What is the remainder when 2/(-3) - s/6 is divided by 18?
15
Let r = -99 + 151. What is the remainder when r is divided by 11?
8
Calculate the remainder when 2/3*(-30)/(-4) is divided by 4.
1
Let n be (3 - 0) + (27 - 6). Suppose -4*o = 3*g - 31, -o + 5*o = 4*g + n. Calculate the remainder when 26 is divided by o.
5
Let r(x) = 13*x - 2. What is the remainder when 20 is divided by r(1)?
9
Let t = 15 + -4. What is the remainder when t is divided by 6?
5
Suppose -2*k + 3*z = 3*k, -2*k - 4 = -2*z. Suppose k*x - 91 = 4*l, 0 = l - 0*l - 2. What is the remainder when x is divided by -2*(5 + -1 - 10)?
9
Suppose 4*q - 184 = -4*s, -2*q + 183 - 49 = 3*s. Calculate the remainder when 38 is divided by s/3 + (-4)/4.
12
Suppose 2*f + 183 = 3*q + 3*f, -f + 123 = 2*q. What is the remainder when q is divided by 9?
6
Let k = 16 + -9. Calculate the remainder when k is divided by 72/20 - (-4)/10.
3
Calculate the remainder when 37 is divided by 1/(-5) + (468/(-15))/(-6).
2
Suppose 3*w + w = 0. Suppose 4*s - 24 = -w*s. Suppose -4*l = -q - 2*q - 4, 20 = l + 4*q. Calculate the remainder when s is divided by l.
2
Let a(y) = -3*y - 9. Calculate the remainder when (2 - 3)/(1/(-15)) is divided by a(-5).
3
Suppose 2*o = r + 11, 4*r + 3*o - 4*o + 79 = 0. Let u = r + 51. Calculate the remainder when 118 is divided by u.
28
Let y(v) = -2*v - 2. Let o be 3/(-1)*(-1 - 5). Let a = -11 + o. What is the remainder when a is divided by y(-3)?
3
Let z = -189 + 212. Let r(b) = b**2 + 2*b - 2. What is the remainder when z is divided by r(3)?
10
Suppose -4*q + 48 = 4*v, -5*v - 8 = -q + 34. Let h be 1 - (4 - 0/(-2)). Calculate the remainder when 1/(h/279*-3) is divided by q.
14
Let k(s) = -s**2 + 5*s - 3. Let g be k(2). Suppose -2*m = -0*m + g*p - 112, m + p - 57 = 0. Calculate the remainder when m is divided by 15.
14
What is the remainder when 15*(-9)/(-15)*6 is divided by 28?
26
Suppose -4*f = 4*b - 24, 5*f - 2*b + 5*b - 38 = 0. Calculate the remainder when 12/(-20) - (-126)/f is divided by 7.
5
Calculate the remainder when (-6 + 1 - -4) + 24 is divided by 13.
10
Let z be (-3)/9 - 14/(-6). Let k(c) = -z + 0*c - 2 - 8*c. Calculate the remainder when k(-3) is divided by 11.
9
Suppose 3*l + 0 = 9. Let q = 0 + 7. What is the remainder when q is divided by l?
1
Let i = -4 - -13. Calculate the remainder when 25 is divided by i.
7
Suppose -5*o + n = -176, o - 4*n = -n + 38. Calculate the remainder when o is divided by 6.
5
Let y = 45 + -27. What is the remainder when 33 is divided by y?
15
Let f(w) = w**3 - 4*w**2 - 2*w + 6. What is the remainder when 103 is divided by f(5)?
19
Let d(b) = b**3 - 9*b**2 + 12. What is the remainder when d(9) is divided by 5?
2
Let u(n) = n**2 - 6*n - 2. Suppose 0 = 3*w, 3*m - 5*w - 8 = 19. Let l be u(m). Suppose -l = -3*d + 8. Calculate the remainder when d is divided by 7.
4
Let h(s) = -s**2 - 4*s + 5. Let g be h(-5). Suppose g*l - l = -a - 32, 0 = -5*a - 10. Let n = 38 + -22. Calculate the remainder when l is divided by n.
14
Let p(f) = -f**3 - 14*f**2 - 2*f - 16. Let d = -22 + 8. What is the remainder when p(d) is divided by 8?
4
Let i = 11 + -7. Suppose -2*h - h - i*x = -18, 4*h = 4*x - 4. Calculate the remainder when 23 is divided by 74/6 + h/(-6).
11
Calculate the remainder when 78/(-9)*(-5 + -7) is divided by 35.
34
Let q = -2 - -4. Let g be (-1 - (3 - q)) + 9. Suppose -m + 7 + g = 0. Calculate the remainder when m is divided by 5.
4
Suppose 3*w - 13 = -4*a, 4*w - a - 7 = 4*a. Calculate the remainder when w is divided by 3.
0
Let x = -7 - -9. Suppose -x*g + 67 = 21. What is the remainder when 90 is divided by g?
21
Let k = -4 - 9. Let q = k - -19. What is the remainder when 9 is divided by q?
3
Suppose -w = -4*w + 27. Let n be w/4 + 2/(-8). What is the remainder when (7 + n - 2) + 0 is divided by 3?
1
Suppose 0 = 4*i - 4*z - 8, 0*i - 10 = -2*i + 5*z. Suppose b + i = 13. Let u = -20 - -44. Calculate the remainder when u is divided by b.
11
Suppose 0*b - 10 = 2*b, 4*r = 2*b + 22. Suppose -8 = 2*a, r*o + 2*a + 3 = 4. Calculate the remainder when 5 is divided by o.
2
Let c = 327 + -223. What is the remainder when c is divided by 15?
14
Suppose -11 - 2 = -x. Let o = -2 - -4. Calculate the remainder when x is divided by (4 - o)/(2/5).
3
Suppose 0 = 2*o - o - 11. Let g(t) = t**3 + 2*t**2 - 2*t - 1. Let f be g(4). Suppose 18 = 5*h - f. What is the remainder when h is divided by o?
10
Suppose -3*t - j = -7*t + 49, -17 = -2*t - j. What is the remainder when 29 is divided by t?
7
Let p(c) = c**2 - 3*c - 9. Calculate the remainder when 4 is divided by p(5).
0
Let d(y) = 35*y**2. Let v be 1*4 + (3 - 3). Suppose -o + v = -0*o, -p = o - 16. Calculate the remainder when d(1) is divided by p.
11
Let o = 97 + -59. What is the remainder when o is divided by (-10 - 98/(-7))/((-4)/(-14))?
10
Suppose 2*q - 5*i = 9, -2*i + 0*i = -2*q + 24. What is the remainder when 32 is divided by q?
15
Let b = -10 + 49. Suppose -5*s = 4*l - 52, s = 2*l + l - b. Suppose -156 = -24*z + 396. Calculate the remainder when z is divided by l.
10
Let l = 3 - 3. Suppose 0*w + 4*w = l. Suppose 2*a - 4*i - 36 = w, -3*a - 68 = -8*a - i. What is the remainder when a is divided by 5?
4
Let q(c) = c**3 + 8*c**2 + 5*c + 1. Let r = -41 - -70. Calculate the remainder when r is divided by q(-7).
14
Suppose 6*l - 261 - 3 = 0. Calculate the remainder when 129 is divided by l.
41
Suppose -3*f - 2*t = -134, 0*f + 2*t = 2*f - 106. What is the remainder when f is divided by 7?
6
Suppose -3*p + 206 = r, 4 = 2*r - 0*r. Suppose 0 = -4*g + b + p, 3 = -5*b + 23. What is the remainder when 69 is divided by g?
15
Suppose 6*w - 4*w - 16 = 0. Let v = -11 + 39. What is the remainder when w/v - 864/(-14) is divided by 21?
20
What is the remainder when 97 is divided by (-630)/(-25) + 1/(-5)?
22
Suppose -1 + 6 = -3*l - 4*t, l = -2*t - 1. Let k be (0 + 5)/(0 - -1). Let h = k + l. Calculate the remainder when 2 is divided by h.
0
Suppose 3*l + 8 = 20. Suppose -v = -l*v + 150. Calculate the remainder when v is divided by 17.
16
Let b(d) = -d**3 - 8*d**2 - 7*d + 8. Suppose 0 = -5*r + 2*o + 55, -3*r + 10 + 14 = -3*o. What is the remainder when r is divided by b(-7)?
5
Suppose -2*x = 4*o + 1 - 3, -2*o - 21 = -x. Calculate the remainder when x is divided by 3.
2
What is the remainder when 47 is divided by (-144)/(-4)*(-1)/(-3)?
11
Suppose -6*c + c + 505 = 0. Calculate the remainder when c is divided by 26.
23
Suppose -34 - 29 = -7*g. Calculate the remainder when 51 is divided by g.
6
Suppose 2*o + 4*t - t = 61, t = o - 18. Let z = 40 + 27. What is the remainder when z is divided by o?
21
Suppose 12 = -0*j + 3*j. Let a = 11 - j. Calculate the remainder when 20 is divided by a.
6
Let c = 2 - 0. Suppose 3*y + 24 = -4*b + 63, -26 = -c*y - 5*b. What is the remainder when 24 is divided by y?
11
Suppose 8 = 7*k - 3*k. Suppose 3*r + 2*r = -2*v - 24, -2*v + k*r = -4. What is the remainder when 41 is divided by v/1 - (-32)/2?
13
Let a(s) = -s - 1. Let d be a(3). Let v = d - -15. Let o(u) = -u**3 + 7*u**2 + 6. Calculate the remainder when v is divided by o(7).
5
Let f(a) = -9*a - 3 + 3*a + 0. Let x = -5 + 3. What is th